{"id":9,"date":"2020-06-21T12:30:42","date_gmt":"2020-06-21T10:30:42","guid":{"rendered":"http:\/\/malywielkimowca.pl\/?page_id=9"},"modified":"2026-02-12T17:44:00","modified_gmt":"2026-02-12T16:44:00","slug":"cennik","status":"publish","type":"page","link":"https:\/\/malywielkimowca.pl\/?page_id=9","title":{"rendered":"Cennik"},"content":{"rendered":"\n<figure class=\"wp-block-image size-large is-style-rounded\"><img loading=\"lazy\" decoding=\"async\" width=\"1024\" height=\"129\" src=\"http:\/\/malywielkimowca.pl\/wp-content\/uploads\/2020\/09\/cennik-1-1024x129.jpg\" alt=\"\" class=\"wp-image-137\" srcset=\"https:\/\/malywielkimowca.pl\/wp-content\/uploads\/2020\/09\/cennik-1-1024x129.jpg 1024w, https:\/\/malywielkimowca.pl\/wp-content\/uploads\/2020\/09\/cennik-1-300x38.jpg 300w, https:\/\/malywielkimowca.pl\/wp-content\/uploads\/2020\/09\/cennik-1-768x97.jpg 768w, https:\/\/malywielkimowca.pl\/wp-content\/uploads\/2020\/09\/cennik-1-1536x194.jpg 1536w, https:\/\/malywielkimowca.pl\/wp-content\/uploads\/2020\/09\/cennik-1.jpg 1900w\" sizes=\"auto, (max-width: 1024px) 100vw, 1024px\" \/><\/figure>\n\n\n\n<p class=\"has-text-align-center\"><em>Wa\u017cny od 1 wrze\u015bnia 2024 roku.<\/em><\/p>\n\n\n\n<p class=\"has-text-align-center\">P\u0142atno\u015b\u0107 za terapi\u0119 odbywa si\u0119 z g\u00f3ry, jednorazowo za ca\u0142y miesi\u0105c do <strong>pi\u0105tego (5)<\/strong> dnia ka\u017cdego miesi\u0105ca, zgodnie z liczb\u0105 zaplanowanych  zaj\u0119\u0107 w danym miesi\u0105cu (got\u00f3wk\u0105 lub przelewem\/BLIK). Brak op\u0142aty uniemo\u017cliwia korzystanie z zaj\u0119\u0107.<\/p>\n\n\n\n<p class=\"has-text-align-center\">Ceny za zaj\u0119cia dotycz\u0105 p\u0142atno\u015bci za ca\u0142y miesi\u0105c z g\u00f3ry. Odp\u0142atno\u015b\u0107 za pojedyncze zaj\u0119cia wi\u0105\u017ce si\u0119 ze wzrostem ceny o 20 z\u0142 za pojedyncze spotkanie.<\/p>\n\n\n\n<p><\/p>\n\n\n\n<p class=\"has-text-align-center\">Nieobecno\u015b\u0107 na zaj\u0119ciach bez ponoszenia koszt\u00f3w&nbsp;<strong>nale\u017cy zg\u0142osi\u0107 minimum na 24 godziny przed zaplanowanym spotkaniem.<\/strong>&nbsp;Za zg\u0142oszenie nieobecno\u015bci w odpowiednim czasie, op\u0142ata pobrana na pocz\u0105tku miesi\u0105ca, odejmowana jest od koszt\u00f3w za kolejny miesi\u0105c. P\u00f3\u017aniejsze zg\u0142oszenie nieobecno\u015bci (<strong>bez wzgl\u0119du na przyczyn\u0119, w tym chorob\u0119)<\/strong>&nbsp;lub niepowiadomienie o nieobecno\u015bci skutkuje naliczeniem pe\u0142nej op\u0142aty za zaj\u0119cia. Bezkosztowe odwo\u0142anie zaj\u0119\u0107 dotyczy tylko&nbsp;<strong>jednej&nbsp;<\/strong>nieobecno\u015bci w miesi\u0105cu (<strong><span class=\"has-inline-color has-vivid-red-color\">BEZ WZGL\u0118DU NA PRZYCZYN\u0118<\/span>),&nbsp;<\/strong>dla os\u00f3b uczestnicz\u0105cych w zaj\u0119ciach dwa i wi\u0119cej razy w tygodniu \u2013 dw\u00f3ch nieobecno\u015bci w miesi\u0105cu.<\/p>\n\n\n\n<p class=\"has-text-align-center\"><strong><span class=\"has-inline-color has-vivid-red-color\"> Niepoinformowanie o nieobecno\u015bci jest jednoznaczne z tym, \u017ce zaj\u0119cia si\u0119 odby\u0142y i pobierana jest za nie op\u0142ata!<\/span><\/strong><\/p>\n\n\n\n<p class=\"has-text-align-center\">Kwestie rezerwacji zaj\u0119\u0107 oraz p\u0142atno\u015bci okre\u015bla <a href=\"http:\/\/malywielkimowca.pl\/?page_id=229\" target=\"_blank\" rel=\"noreferrer noopener\">Regulamin Funkcjonowania Gabinetu<\/a><\/p>\n\n\n\n<p class=\"has-text-align-center\"><strong>LOGOPEDIA<\/strong><\/p>\n\n\n\n<figure class=\"wp-block-table is-style-stripes\"><table><tbody><tr><td class=\"has-text-align-left\" data-align=\"left\">Diagnoza logopedyczna (2 spotkania) w celu wydania pisemnej opinii (w koszt wliczone jest wydanie opinii)<\/td><td class=\"has-text-align-center\" data-align=\"center\">500 z\u0142<\/td><td><\/td><\/tr><tr><td class=\"has-text-align-left\" data-align=\"left\">Konsultacja logopedyczna &#8211;  <strong>do<\/strong> <strong>60 minut<\/strong><br><\/td><td class=\"has-text-align-center\" data-align=\"center\">270 z\u0142<\/td><td><\/td><\/tr><tr><td class=\"has-text-align-left\" data-align=\"left\">Konsultacja logopedyczna &#8211;<strong>do<\/strong> <strong>90 minut <\/strong><\/td><td class=\"has-text-align-center\" data-align=\"center\">300 z\u0142<\/td><td><\/td><\/tr><tr><td class=\"has-text-align-left\" data-align=\"left\">Konsultacja logopedyczna w domu pacjenta (tylko u pacjent\u00f3w z problemami w poruszaniu si\u0119   <br>oraz u niemowl\u0105t) &#8211; <strong>do 90 minut<\/strong><\/td><td class=\"has-text-align-center\" data-align=\"center\">350 z\u0142<\/td><td><\/td><\/tr><tr><td class=\"has-text-align-left\" data-align=\"left\">Terapia logopedyczna &#8211; <strong>30 minut<\/strong><\/td><td class=\"has-text-align-center\" data-align=\"center\">100 z\u0142<\/td><td><\/td><\/tr><tr><td class=\"has-text-align-left\" data-align=\"left\">Terapia logopedyczna &#8211; <strong>45 minut<\/strong><\/td><td class=\"has-text-align-center\" data-align=\"center\">130 z\u0142<\/td><td><\/td><\/tr><tr><td class=\"has-text-align-left\" data-align=\"left\">Terapia logopedyczna &#8211; <strong>60 minut<\/strong> (dla os\u00f3b doros\u0142ych)<\/td><td class=\"has-text-align-center\" data-align=\"center\">170 z\u0142<\/td><td><\/td><\/tr><tr><td class=\"has-text-align-left\" data-align=\"left\">Pisemne za\u015bwiadczenie, informacja po konsultacji, opis terapii i zalece\u0144 (poprzedzone konsultacj\u0105 lub diagnoz\u0105 lub dla os\u00f3b uczestnicz\u0105cych w terapii)<\/td><td class=\"has-text-align-center\" data-align=\"center\">70 z\u0142<\/td><td><\/td><\/tr><tr><td class=\"has-text-align-left\" data-align=\"left\">Wizyta kontrolna dla os\u00f3b, kt\u00f3re nie korzystaj\u0105 ze sta\u0142ej terapii &#8211; <strong>30 minut<\/strong><\/td><td class=\"has-text-align-center\" data-align=\"center\">150 z\u0142<\/td><td><\/td><\/tr><\/tbody><\/table><\/figure>\n\n\n\n<p class=\"has-text-align-center\"><strong>NEUROLOGOPEDIA<\/strong><\/p>\n\n\n\n<figure class=\"wp-block-table is-style-stripes\"><table><tbody><tr><td class=\"has-text-align-left\" data-align=\"left\">Diagnoza <strong>neuro<\/strong>logopedyczna (2 spotkania) w celu wydania pisemnej opinii (w koszt wliczone jest wydanie opinii)<\/td><td class=\"has-text-align-center\" data-align=\"center\">500 z\u0142<\/td><td><\/td><\/tr><tr><td class=\"has-text-align-left\" data-align=\"left\">Konsultacja <strong>neuro<\/strong>logopedyczna &#8211;  <strong>do<\/strong> <strong>60 minut<\/strong><\/td><td class=\"has-text-align-center\" data-align=\"center\">270 z\u0142<\/td><td><\/td><\/tr><tr><td class=\"has-text-align-left\" data-align=\"left\">Konsultacja <strong>neuro<\/strong>logopedyczna &#8211;<strong>do<\/strong> <strong>90 minut <\/strong><\/td><td class=\"has-text-align-center\" data-align=\"center\">300 z\u0142<\/td><td><\/td><\/tr><tr><td class=\"has-text-align-left\" data-align=\"left\">Konsultacja <strong>neuro<\/strong>logopedyczna w domu pacjenta (tylko u pacjent\u00f3w z problemami w poruszaniu si\u0119 oraz u niemowl\u0105t) &#8211; <strong>do 90 minut<\/strong><\/td><td class=\"has-text-align-center\" data-align=\"center\">350 z\u0142<\/td><td><\/td><\/tr><tr><td class=\"has-text-align-left\" data-align=\"left\">Terapia <strong>neuro<\/strong>logopedyczna &#8211; <strong>30 minut<\/strong><\/td><td class=\"has-text-align-center\" data-align=\"center\">100 z\u0142<\/td><td><\/td><\/tr><tr><td class=\"has-text-align-left\" data-align=\"left\">Terapia <strong>neuro<\/strong>logopedyczna &#8211; <strong>45 minut<\/strong><\/td><td class=\"has-text-align-center\" data-align=\"center\">130 z\u0142<\/td><td><\/td><\/tr><tr><td class=\"has-text-align-left\" data-align=\"left\">Terapia <strong>neuro<\/strong>logopedyczna &#8211; <strong>60 minut<\/strong> (dla os\u00f3b doros\u0142ych)<\/td><td class=\"has-text-align-center\" data-align=\"center\">170 z\u0142<\/td><td><\/td><\/tr><tr><td class=\"has-text-align-left\" data-align=\"left\">Terapia <strong>neuro<\/strong>logopedyczna z elektrostymulacj\u0105 &#8211; <strong>30 minut<\/strong><\/td><td class=\"has-text-align-center\" data-align=\"center\">120 z\u0142<\/td><td><\/td><\/tr><tr><td class=\"has-text-align-left\" data-align=\"left\">Terapia <strong>neuro<\/strong>logopedyczna z elektrostymulacj\u0105 &#8211; <strong>45 minut <\/strong><\/td><td class=\"has-text-align-center\" data-align=\"center\">150 z\u0142<\/td><td><\/td><\/tr><tr><td class=\"has-text-align-left\" data-align=\"left\">Diagnoza miofunkcjonalna (obejmuje ocen\u0119 w zakresie: budowy aparatu artykulacyjnego, funkcji fizjologicznych takich jak: oddychanie, pozycja spoczynkowa warg i j\u0119zyka, po\u0142ykanie, gryzienie i \u017cucie; wsp\u00f3\u0142prac\u0119 z ortodont\u0105 przed za\u0142o\u017ceniem aparatu, w trakcie leczenia i po leczeniu ortodontycznym, ocen\u0119 w\u0119dzide\u0142ka j\u0119zyka przed plastyk\u0105, zalecenia przed- i pozabiegowe &#8211; <strong>do 45 min.<\/strong><\/td><td class=\"has-text-align-center\" data-align=\"center\">270 z\u0142<\/td><td><\/td><\/tr><tr><td class=\"has-text-align-left\" data-align=\"left\">Terapia miofunkcjonalna &#8211; <strong>30 minut<\/strong><\/td><td class=\"has-text-align-center\" data-align=\"center\">110 z\u0142<\/td><td><\/td><\/tr><tr><td class=\"has-text-align-left\" data-align=\"left\">Wizyta kontrolna dla os\u00f3b, kt\u00f3re nie korzystaj\u0105 ze sta\u0142ej terapii &#8211; <strong>30 minut<\/strong><br><\/td><td class=\"has-text-align-center\" data-align=\"center\">150 z\u0142<\/td><td><\/td><\/tr><tr><td class=\"has-text-align-left\" data-align=\"left\">Przygotowanie do zabiegu korekcji w\u0119dzide\u0142ka j\u0119zyka &#8211; <strong>do 30 minut<\/strong><\/td><td class=\"has-text-align-center\" data-align=\"center\">110 z\u0142<\/td><td><\/td><\/tr><tr><td class=\"has-text-align-left\" data-align=\"left\">Przygotowanie do zabiegu korekcji w\u0119dzide\u0142ka j\u0119zyka z elektrostymulacj\u0105 &#8211; <strong>do 30 minut <\/strong><\/td><td class=\"has-text-align-center\" data-align=\"center\">130 z\u0142<\/td><td><\/td><\/tr><tr><td class=\"has-text-align-left\" data-align=\"left\">Masa\u017c z \u0107wiczeniami po zabiegu korekcji w\u0119dzide\u0142ka j\u0119zyka &#8211; <strong>do 30 minut <\/strong><\/td><td class=\"has-text-align-center\" data-align=\"center\">110 z\u0142<\/td><td><\/td><\/tr><tr><td class=\"has-text-align-left\" data-align=\"left\">Masa\u017c z \u0107wiczeniami po zabiegu korekcji w\u0119dzide\u0142ka j\u0119zyka plus elektrostymulacja &#8211; <strong>do 30 minut<\/strong><\/td><td class=\"has-text-align-center\" data-align=\"center\">130 z\u0142<\/td><td><\/td><\/tr><tr><td class=\"has-text-align-left\" data-align=\"left\">Masa\u017c logopedyczny &#8211; <strong>do 30 minut <\/strong><\/td><td class=\"has-text-align-center\" data-align=\"center\">110 z\u0142<\/td><td><\/td><\/tr><\/tbody><\/table><\/figure>\n\n\n\n<p class=\"has-text-align-center\"><strong>ELEKTROSTYMULACJA<\/strong><\/p>\n\n\n\n<p class=\"has-text-align-center\"><strong>Cena obejmuje seri\u0119 10 zabieg\u00f3w. <\/strong><\/p>\n\n\n\n<p class=\"has-text-align-center\">W cenie zabieg\u00f3w uwzgl\u0119dniono <strong>koszt elektrod przypisanych do konkretnego pacjenta oraz \u0107wiczenia<\/strong>. <\/p>\n\n\n\n<p class=\"has-text-align-center\">Wyb\u00f3r obszaru stymulacji okre\u015blany jest podczas pierwszej wizyty, kwalifikuj\u0105cej do zabieg\u00f3w.<\/p>\n\n\n\n<figure class=\"wp-block-table is-style-stripes\"><table><tbody><tr><td class=\"has-text-align-left\" data-align=\"left\">Wizyta kwalifikuj\u0105ca do zabieg\u00f3w (jednorazowa, mo\u017cliwy jest pierwszy zabieg)<\/td><td class=\"has-text-align-center\" data-align=\"center\">200 z\u0142<\/td><td><\/td><\/tr><tr><td class=\"has-text-align-left\" data-align=\"left\">Seria 10 zabieg\u00f3w -Elektrostymulacja <strong>podniebienia<\/strong> <strong>lub j\u0119zyka<\/strong> <strong>lub jednego obszaru mi\u0119\u015bni twarzy<\/strong> (oko\u0142o 15 minut)<\/td><td class=\"has-text-align-center\" data-align=\"center\">600 z\u0142<\/td><td><\/td><\/tr><tr><td class=\"has-text-align-left\" data-align=\"left\">Seria 10 zabieg\u00f3w -Elektrostymulacja <strong>j\u0119zyka i podniebienia<\/strong> <strong>lub innych dw\u00f3ch obszar\u00f3w<\/strong> (do 30 minut)<\/td><td class=\"has-text-align-center\" data-align=\"center\">900 z\u0142<\/td><td><\/td><\/tr><tr><td class=\"has-text-align-left\" data-align=\"left\">Seria 10 zabieg\u00f3w &#8211; Elektrostymulacja <strong>j\u0119zyka i podniebienia + stymulacja mi\u0119\u015bni twarzy<\/strong> (do 30 minut)<\/td><td class=\"has-text-align-center\" data-align=\"center\">1200 z\u0142<\/td><td><\/td><\/tr><\/tbody><\/table><\/figure>\n\n\n\n<p><\/p>\n","protected":false},"excerpt":{"rendered":"<p>Wa\u017cny od 1 wrze\u015bnia 2024 roku. P\u0142atno\u015b\u0107 za terapi\u0119 odbywa si\u0119 z g\u00f3ry, jednorazowo za ca\u0142y miesi\u0105c do pi\u0105tego (5) dnia ka\u017cdego miesi\u0105ca, zgodnie z liczb\u0105 zaplanowanych zaj\u0119\u0107 w danym miesi\u0105cu (got\u00f3wk\u0105 lub przelewem\/BLIK). Brak op\u0142aty uniemo\u017cliwia korzystanie z zaj\u0119\u0107. Ceny za zaj\u0119cia dotycz\u0105 p\u0142atno\u015bci za ca\u0142y miesi\u0105c z g\u00f3ry. Odp\u0142atno\u015b\u0107 za pojedyncze zaj\u0119cia wi\u0105\u017ce [&hellip;]<\/p>\n","protected":false},"author":1,"featured_media":0,"parent":0,"menu_order":0,"comment_status":"closed","ping_status":"closed","template":"","meta":{"footnotes":""},"class_list":["post-9","page","type-page","status-publish","hentry"],"_links":{"self":[{"href":"https:\/\/malywielkimowca.pl\/index.php?rest_route=\/wp\/v2\/pages\/9","targetHints":{"allow":["GET"]}}],"collection":[{"href":"https:\/\/malywielkimowca.pl\/index.php?rest_route=\/wp\/v2\/pages"}],"about":[{"href":"https:\/\/malywielkimowca.pl\/index.php?rest_route=\/wp\/v2\/types\/page"}],"author":[{"embeddable":true,"href":"https:\/\/malywielkimowca.pl\/index.php?rest_route=\/wp\/v2\/users\/1"}],"replies":[{"embeddable":true,"href":"https:\/\/malywielkimowca.pl\/index.php?rest_route=%2Fwp%2Fv2%2Fcomments&post=9"}],"version-history":[{"count":31,"href":"https:\/\/malywielkimowca.pl\/index.php?rest_route=\/wp\/v2\/pages\/9\/revisions"}],"predecessor-version":[{"id":327,"href":"https:\/\/malywielkimowca.pl\/index.php?rest_route=\/wp\/v2\/pages\/9\/revisions\/327"}],"wp:attachment":[{"href":"https:\/\/malywielkimowca.pl\/index.php?rest_route=%2Fwp%2Fv2%2Fmedia&parent=9"}],"curies":[{"name":"wp","href":"https:\/\/api.w.org\/{rel}","templated":true}]}}