{"id":54,"date":"2020-06-21T15:05:32","date_gmt":"2020-06-21T13:05:32","guid":{"rendered":"http:\/\/malywielkimowca.pl\/?page_id=54"},"modified":"2025-06-18T17:16:26","modified_gmt":"2025-06-18T15:16:26","slug":"start","status":"publish","type":"page","link":"https:\/\/malywielkimowca.pl\/","title":{"rendered":"Start!"},"content":{"rendered":"\n<p>Ju\u017c w okresie p\u0142odowym organizm dziecka przygotowuje si\u0119 do m\u00f3wienia, wykszta\u0142caj\u0105 si\u0119 narz\u0105dy mowne i zaczynaj\u0105 funkcjonowa\u0107. Rozw\u00f3j mowy warunkowany jest genetycznie, ale zale\u017cy od wielu innych czynnik\u00f3w, takich jak: warunki spo\u0142eczne, kontakt ze \u015brodowiskiem i innymi m\u00f3wi\u0105cymi lud\u017ami.<\/p>\n\n\n\n<p>To w\u0142a\u015bnie Wy, Szanowni Rodzice jeste\u015bcie pierwszymi, a zarazem g\u0142\u00f3wnymi przewodnikami w kszta\u0142towaniu mowy Waszego Dziecka. Zdarza si\u0119 jednak czasami, \u017ce potrzebna jest pomoc specjalisty.<\/p>\n\n\n\n<p><strong>Op\u00f3\u017anienie rozwoju mowy, wady artykulacyjne czy zaburzenia rozwoju mowy nie pojawiaj\u0105 si\u0119 nagle, w wieku przedszkolnym!<\/strong><\/p>\n\n\n\n<p>W pierwszym roku \u017cycia mo\u017cna zaobserwowa\u0107 objawy, kt\u00f3re mog\u0105 by\u0107  w przysz\u0142o\u015bci przyczyn\u0105 wielu trudno\u015bci i nieprawid\u0142owych nawyk\u00f3w, kt\u00f3re detreminuj nieprawid\u0142owy rozw\u00f3j mowy u dzieci. St\u0105d tak wa\u017cna jest wczesna interwencja logopedyczna, aby zapobiega\u0107 rozwijaniu si\u0119 i pog\u0142\u0119bianiu deficyt\u00f3w rozwojowych ju\u017c u niemowl\u0105t.<br><\/p>\n\n\n\n<p><strong>KIEDY NALE\u017bY ZASI\u0118GN\u0104C PORADY LOGOPEDY?<\/strong><\/p>\n\n\n\n<ul class=\"wp-block-list\"><li>brak gaworzenia (pojawia si\u0119 oko\u0142o 6 miesi\u0105ca \u017cycia)<\/li><li>brak wypowiadania pierwszych sylab, pojedynczych s\u0142\u00f3w w 1-szym roku \u017cycia<\/li><li>brak prostych s\u0142\u00f3w w 2-gim roku \u017cycia<\/li><li>2 \u2013 3 latek powinien prawid\u0142owo wymawia\u0107 g\u0142oski <strong><em>k, g, l<\/em><\/strong><\/li><li>wiek 3 lata: brak prostych zda\u0144 w 3 roku \u017cycia, dziecko nieprawid\u0142owo wymawia samog\u0142oski, m\u00f3wi przez nos, nie s\u0142yszy d\u017awi\u0119k\u00f3w<\/li><li>wiek 4 lata: dziecko nie potrafi opowiedzie\u0107 historyjki obrazkowej, g\u0142oski d\u017awi\u0119czne zast\u0119puje bezd\u017awi\u0119cznymi np. zamiast <strong><em>domek<\/em><\/strong> m\u00f3wi <strong><em>Tomek<\/em><\/strong> lub zamiast <strong><em>g\u0119\u015b<\/em><\/strong> m\u00f3wi <strong><em>k\u0119\u015b<\/em><\/strong>.<\/li><li>wiek 5 -6 lat:dziecko nie wypowiada wszystkich g\u0142osek, przestawia wyrazy lub sylaby, zamienia g\u0142oski <strong><em>sz, \u017c, cz, d\u017c<\/em><\/strong> (g\u0142oski szumi\u0105ce) na <strong><em>\u015b, \u017a, \u0107, d\u017a<\/em><\/strong> lub <strong><em>s, z, c, dz<\/em><\/strong><\/li><li>kiedy wymowa g\u0142osek <strong><em>s, z, c, dz<\/em><\/strong> odbywa si\u0119 z j\u0119zykiem wsuni\u0119tym mi\u0119dzy z\u0119by (w ka\u017cdym wieku)<\/li><li>kiedy dziecko nieprawid\u0142owo wymawia g\u0142osk\u0119 <strong><em>r<\/em><\/strong> (w ka\u017cdym wieku)<\/li><li>brak ch\u0119ci do m\u00f3wienia, brak zainteresowania rozm\u00f3wc\u0105, brak rozumienia polece\u0144<\/li><li>kiedy s\u0105 jakiekolwiek w\u0105tpliwo\u015bci, czy dziecko s\u0142yszy<\/li><\/ul>\n\n\n\n<p><\/p>\n\n\n\n<p class=\"has-text-align-center\"><strong>Zapraszam do gabinetu MA\u0141Y WIELKI M\u00d3WCA!!!<\/strong><\/p>\n\n\n\n<p class=\"has-text-align-center\"><strong>Pod moim kierunkiem, z Pa\u0144stwa niezb\u0119dn\u0105 pomoc\u0105,&nbsp;<\/strong><\/p>\n\n\n\n<p class=\"has-text-align-center\"><strong>Wasze dziecko stanie si\u0119 Wielkim M\u00f3wc\u0105.<\/strong><\/p>\n","protected":false},"excerpt":{"rendered":"<p>Ju\u017c w okresie p\u0142odowym organizm dziecka przygotowuje si\u0119 do m\u00f3wienia, wykszta\u0142caj\u0105 si\u0119 narz\u0105dy mowne i zaczynaj\u0105 funkcjonowa\u0107. Rozw\u00f3j mowy warunkowany jest genetycznie, ale zale\u017cy od wielu innych czynnik\u00f3w, takich jak: warunki spo\u0142eczne, kontakt ze \u015brodowiskiem i innymi m\u00f3wi\u0105cymi lud\u017ami. To w\u0142a\u015bnie Wy, Szanowni Rodzice jeste\u015bcie pierwszymi, a zarazem g\u0142\u00f3wnymi przewodnikami w kszta\u0142towaniu mowy Waszego Dziecka. [&hellip;]<\/p>\n","protected":false},"author":1,"featured_media":0,"parent":0,"menu_order":0,"comment_status":"closed","ping_status":"closed","template":"","meta":{"footnotes":""},"class_list":["post-54","page","type-page","status-publish","hentry"],"_links":{"self":[{"href":"https:\/\/malywielkimowca.pl\/index.php?rest_route=\/wp\/v2\/pages\/54","targetHints":{"allow":["GET"]}}],"collection":[{"href":"https:\/\/malywielkimowca.pl\/index.php?rest_route=\/wp\/v2\/pages"}],"about":[{"href":"https:\/\/malywielkimowca.pl\/index.php?rest_route=\/wp\/v2\/types\/page"}],"author":[{"embeddable":true,"href":"https:\/\/malywielkimowca.pl\/index.php?rest_route=\/wp\/v2\/users\/1"}],"replies":[{"embeddable":true,"href":"https:\/\/malywielkimowca.pl\/index.php?rest_route=%2Fwp%2Fv2%2Fcomments&post=54"}],"version-history":[{"count":9,"href":"https:\/\/malywielkimowca.pl\/index.php?rest_route=\/wp\/v2\/pages\/54\/revisions"}],"predecessor-version":[{"id":163,"href":"https:\/\/malywielkimowca.pl\/index.php?rest_route=\/wp\/v2\/pages\/54\/revisions\/163"}],"wp:attachment":[{"href":"https:\/\/malywielkimowca.pl\/index.php?rest_route=%2Fwp%2Fv2%2Fmedia&parent=54"}],"curies":[{"name":"wp","href":"https:\/\/api.w.org\/{rel}","templated":true}]}}