{"id":172,"date":"2020-09-12T22:37:49","date_gmt":"2020-09-12T20:37:49","guid":{"rendered":"http:\/\/malywielkimowca.pl\/?page_id=172"},"modified":"2026-02-04T13:58:24","modified_gmt":"2026-02-04T12:58:24","slug":"moj-gabinet","status":"publish","type":"page","link":"https:\/\/malywielkimowca.pl\/?page_id=172","title":{"rendered":"M\u00f3j Gabinet"},"content":{"rendered":"\n<figure class=\"wp-block-image size-large is-style-rounded\"><img loading=\"lazy\" decoding=\"async\" width=\"1024\" height=\"129\" src=\"http:\/\/malywielkimowca.pl\/wp-content\/uploads\/2020\/09\/gab-1024x129.jpg\" alt=\"\" class=\"wp-image-173\" srcset=\"https:\/\/malywielkimowca.pl\/wp-content\/uploads\/2020\/09\/gab-1024x129.jpg 1024w, https:\/\/malywielkimowca.pl\/wp-content\/uploads\/2020\/09\/gab-300x38.jpg 300w, https:\/\/malywielkimowca.pl\/wp-content\/uploads\/2020\/09\/gab-768x97.jpg 768w, https:\/\/malywielkimowca.pl\/wp-content\/uploads\/2020\/09\/gab-1536x194.jpg 1536w, https:\/\/malywielkimowca.pl\/wp-content\/uploads\/2020\/09\/gab.jpg 1900w\" sizes=\"auto, (max-width: 1024px) 100vw, 1024px\" \/><\/figure>\n\n\n\n<figure class=\"\"><table><tbody><tr><td><iframe loading=\"lazy\" src=\"https:\/\/www.google.com\/maps\/embed?pb=!1m18!1m12!1m3!1d9809.165929658213!2d21.023548009039672!3d52.07442354061774!2m3!1f0!2f0!3f0!3m2!1i1024!2i768!4f13.1!3m3!1m2!1s0x47192e51ac700007%3A0xadc6d88b4481009b!2zTWHFgnkgV2llbGtpIE3Ds3djYQ!5e0!3m2!1sen!2spl!4v1599942714666!5m2!1sen!2spl\" width=\"400\" height=\"200\" frameborder=\"0\" style=\"border:0;\" allowfullscreen=\"\" aria-hidden=\"false\" tabindex=\"0\"><\/iframe><\/td><\/tr><\/tbody><\/table><\/figure>\n\n\n\n<p>Serdecznie zapraszam do gabinetu, kt\u00f3ry znajduje si\u0119 w wolnostoj\u0105cym budynku w centrum Piaseczna, naprzeciwko stacji kolejki w\u0105skotorowej, ul. Wojska Polskiego 38, lok. 4. <\/p>\n\n\n\n<div class=\"wp-block-columns is-layout-flex wp-container-core-columns-is-layout-9d6595d7 wp-block-columns-is-layout-flex\">\n<div class=\"wp-block-column is-layout-flow wp-block-column-is-layout-flow\" style=\"flex-basis:33.33%\">\n<p>Du\u017cym u\u0142atwieniem jest po\u0142o\u017cenie na parterze. Przy budynku znajduje si\u0119 parking do wy\u0142\u0105cznego korzystania przez odwiedzaj\u0105cych. Trzy okna zapewniaj\u0105 dobre do\u015bwietlenie i wentylacj\u0119.<\/p>\n<\/div>\n\n\n\n<div class=\"wp-block-column is-layout-flow wp-block-column-is-layout-flow\" style=\"flex-basis:66.66%\">\n<figure class=\"wp-block-image size-large\"><img loading=\"lazy\" decoding=\"async\" width=\"1024\" height=\"485\" src=\"http:\/\/malywielkimowca.pl\/wp-content\/uploads\/2020\/09\/20200826_092353-1024x485.jpg\" alt=\"\" class=\"wp-image-179\" srcset=\"https:\/\/malywielkimowca.pl\/wp-content\/uploads\/2020\/09\/20200826_092353-1024x485.jpg 1024w, https:\/\/malywielkimowca.pl\/wp-content\/uploads\/2020\/09\/20200826_092353-300x142.jpg 300w, https:\/\/malywielkimowca.pl\/wp-content\/uploads\/2020\/09\/20200826_092353-768x363.jpg 768w, https:\/\/malywielkimowca.pl\/wp-content\/uploads\/2020\/09\/20200826_092353-1536x727.jpg 1536w, https:\/\/malywielkimowca.pl\/wp-content\/uploads\/2020\/09\/20200826_092353-2048x969.jpg 2048w\" sizes=\"auto, (max-width: 1024px) 100vw, 1024px\" \/><\/figure>\n<\/div>\n<\/div>\n\n\n\n<div class=\"wp-block-columns is-layout-flex wp-container-core-columns-is-layout-9d6595d7 wp-block-columns-is-layout-flex\">\n<div class=\"wp-block-column is-layout-flow wp-block-column-is-layout-flow\">\n<figure class=\"wp-block-image size-large\"><img loading=\"lazy\" decoding=\"async\" width=\"1024\" height=\"485\" src=\"http:\/\/malywielkimowca.pl\/wp-content\/uploads\/2020\/09\/gabinet-4-1024x485.jpg\" alt=\"\" class=\"wp-image-146\" srcset=\"https:\/\/malywielkimowca.pl\/wp-content\/uploads\/2020\/09\/gabinet-4-1024x485.jpg 1024w, https:\/\/malywielkimowca.pl\/wp-content\/uploads\/2020\/09\/gabinet-4-300x142.jpg 300w, https:\/\/malywielkimowca.pl\/wp-content\/uploads\/2020\/09\/gabinet-4-768x363.jpg 768w, https:\/\/malywielkimowca.pl\/wp-content\/uploads\/2020\/09\/gabinet-4-1536x727.jpg 1536w, https:\/\/malywielkimowca.pl\/wp-content\/uploads\/2020\/09\/gabinet-4-2048x969.jpg 2048w\" sizes=\"auto, (max-width: 1024px) 100vw, 1024px\" \/><\/figure>\n<\/div>\n\n\n\n<div class=\"wp-block-column is-layout-flow wp-block-column-is-layout-flow\">\n<p>W trosce o bezpiecze\u0144stwo pacjent\u00f3w i opiekun\u00f3w gabinet zosta\u0142 wyposa\u017cony w ozonator i jonizator w celu dezynfekcji powietrza. Ozonowanie przeprowadzane jest po zako\u0144czeniu pracy w gabinecie, nast\u0119pnie pomieszczenie jest wietrzone. W gabinecie posiadam \u0142\u00f3\u017cko rehabilitacyjne, kt\u00f3re wykorzystuj\u0119 do przeprowadzania masa\u017cu logopedycznego i treningu oddechowego.<\/p>\n<\/div>\n<\/div>\n\n\n\n<div class=\"wp-block-columns is-layout-flex wp-container-core-columns-is-layout-9d6595d7 wp-block-columns-is-layout-flex\">\n<div class=\"wp-block-column is-layout-flow wp-block-column-is-layout-flow\" style=\"flex-basis:33.33%\">\n<p>Zabiegi elektrostymulacji mi\u0119\u015bniowo -nerwowej wykonuj\u0119 za pomoc\u0105 certyfikowanych sprz\u0119t\u00f3w medycznych, u\u017cywanych mi\u0119dzy innymi w Centrum Zdrowia Dziecka w Warszawie (zobacz <a href=\"http:\/\/malywielkimowca.pl\/?page_id=112\">ELEKTROSTYMULACJA<\/a>)<\/p>\n\n\n\n<p>kontakt telefoniczny: <\/p>\n\n\n\n<p>455 448 163<\/p>\n<\/div>\n\n\n\n<div class=\"wp-block-column is-layout-flow wp-block-column-is-layout-flow\" style=\"flex-basis:66.66%\">\n<figure class=\"wp-block-image size-large\"><img loading=\"lazy\" decoding=\"async\" width=\"1024\" height=\"701\" src=\"http:\/\/malywielkimowca.pl\/wp-content\/uploads\/2020\/09\/gabinet-5-1024x701.jpg\" alt=\"\" class=\"wp-image-147\" srcset=\"https:\/\/malywielkimowca.pl\/wp-content\/uploads\/2020\/09\/gabinet-5-1024x701.jpg 1024w, https:\/\/malywielkimowca.pl\/wp-content\/uploads\/2020\/09\/gabinet-5-300x205.jpg 300w, https:\/\/malywielkimowca.pl\/wp-content\/uploads\/2020\/09\/gabinet-5-768x525.jpg 768w, https:\/\/malywielkimowca.pl\/wp-content\/uploads\/2020\/09\/gabinet-5-1536x1051.jpg 1536w, https:\/\/malywielkimowca.pl\/wp-content\/uploads\/2020\/09\/gabinet-5-2048x1401.jpg 2048w\" sizes=\"auto, (max-width: 1024px) 100vw, 1024px\" \/><\/figure>\n<\/div>\n<\/div>\n\n\n\n<p><\/p>\n","protected":false},"excerpt":{"rendered":"<p>Serdecznie zapraszam do gabinetu, kt\u00f3ry znajduje si\u0119 w wolnostoj\u0105cym budynku w centrum Piaseczna, naprzeciwko stacji kolejki w\u0105skotorowej, ul. Wojska Polskiego 38, lok. 4. Du\u017cym u\u0142atwieniem jest po\u0142o\u017cenie na parterze. Przy budynku znajduje si\u0119 parking do wy\u0142\u0105cznego korzystania przez odwiedzaj\u0105cych. Trzy okna zapewniaj\u0105 dobre do\u015bwietlenie i wentylacj\u0119. W trosce o bezpiecze\u0144stwo pacjent\u00f3w i opiekun\u00f3w gabinet zosta\u0142 [&hellip;]<\/p>\n","protected":false},"author":1,"featured_media":0,"parent":0,"menu_order":0,"comment_status":"closed","ping_status":"closed","template":"","meta":{"footnotes":""},"class_list":["post-172","page","type-page","status-publish","hentry"],"_links":{"self":[{"href":"https:\/\/malywielkimowca.pl\/index.php?rest_route=\/wp\/v2\/pages\/172","targetHints":{"allow":["GET"]}}],"collection":[{"href":"https:\/\/malywielkimowca.pl\/index.php?rest_route=\/wp\/v2\/pages"}],"about":[{"href":"https:\/\/malywielkimowca.pl\/index.php?rest_route=\/wp\/v2\/types\/page"}],"author":[{"embeddable":true,"href":"https:\/\/malywielkimowca.pl\/index.php?rest_route=\/wp\/v2\/users\/1"}],"replies":[{"embeddable":true,"href":"https:\/\/malywielkimowca.pl\/index.php?rest_route=%2Fwp%2Fv2%2Fcomments&post=172"}],"version-history":[{"count":9,"href":"https:\/\/malywielkimowca.pl\/index.php?rest_route=\/wp\/v2\/pages\/172\/revisions"}],"predecessor-version":[{"id":323,"href":"https:\/\/malywielkimowca.pl\/index.php?rest_route=\/wp\/v2\/pages\/172\/revisions\/323"}],"wp:attachment":[{"href":"https:\/\/malywielkimowca.pl\/index.php?rest_route=%2Fwp%2Fv2%2Fmedia&parent=172"}],"curies":[{"name":"wp","href":"https:\/\/api.w.org\/{rel}","templated":true}]}}