{"id":165,"date":"2020-09-12T22:11:04","date_gmt":"2020-09-12T20:11:04","guid":{"rendered":"http:\/\/malywielkimowca.pl\/?page_id=165"},"modified":"2023-08-31T20:21:07","modified_gmt":"2023-08-31T18:21:07","slug":"ukonczone-szkolenia-i-kursy","status":"publish","type":"page","link":"https:\/\/malywielkimowca.pl\/?page_id=165","title":{"rendered":"Uko\u0144czone szkolenia i kursy"},"content":{"rendered":"\n<figure class=\"wp-block-image size-large is-style-rounded\"><img loading=\"lazy\" decoding=\"async\" width=\"1024\" height=\"129\" src=\"http:\/\/malywielkimowca.pl\/wp-content\/uploads\/2020\/09\/edu-1024x129.jpg\" alt=\"\" class=\"wp-image-176\" srcset=\"https:\/\/malywielkimowca.pl\/wp-content\/uploads\/2020\/09\/edu-1024x129.jpg 1024w, https:\/\/malywielkimowca.pl\/wp-content\/uploads\/2020\/09\/edu-300x38.jpg 300w, https:\/\/malywielkimowca.pl\/wp-content\/uploads\/2020\/09\/edu-768x97.jpg 768w, https:\/\/malywielkimowca.pl\/wp-content\/uploads\/2020\/09\/edu-1536x194.jpg 1536w, https:\/\/malywielkimowca.pl\/wp-content\/uploads\/2020\/09\/edu.jpg 1900w\" sizes=\"auto, (max-width: 1024px) 100vw, 1024px\" \/><\/figure>\n\n\n\n<h2 class=\"wp-block-heading\"><\/h2>\n\n\n\n<ul class=\"wp-block-list\"><li>2012 rok:<ul><li>Muzykoterapia<\/li><li>Terapia R\u0119ki<\/li><li>Dotyk w rozwoju i \u017cyciu dziecka<\/li><\/ul><\/li><li>2014 rok:<ul><li>Terapia sensomotoryczna i korekta dysfunkcji ustno \u2013 twarzowych<\/li><li>Warsztat praktycznych umiej\u0119tno\u015bci niezb\u0119dnych do uruchomienia komunikacji werbalnej dziecka z op\u00f3\u017anionym rozwojem mowy<\/li><li>Konferencja Naukowa zorganizowana przez Podyplomowe Studia Logopedii i Neurologopedii Uniwersytetu Wroc\u0142awskiego oraz Stowarzyszenie Tw\u00f3rc\u00f3w i Zwolennik\u00f3w Psychostymulacji<\/li><\/ul><\/li><li>2016 rok:<ul><li>Trudne zachowania przedszkolaka z autyzmem. Strategie poznawczo &#8211; behawioralne w pracy nad trudnymi zachowaniami<\/li><\/ul><\/li><li>2018 rok:<ul><li>Terapia Manualna w Logopedii<\/li><li>Ortodoncja dla logoped\u00f3w. Diagnoza i terapia funkcji kompleksu ustno &#8211; twarzowego w uj\u0119ciu ortodontyczno &#8211; neurologopedycznym<\/li><\/ul><\/li><li>2019 rok:<ul><li>Dysfagia w Neonatologii i Pediatrii<\/li><li>Od jedzenia do m\u00f3wienia. Rola funkcji pokarmowych dla rozwoju mowy<\/li><li>Elektrostymulacja w Logopedii<\/li><li>Plastrowanie statyczne i dynamiczne w logopedii &#8211; kinesiotaping medyczny<\/li><li>Dyzartria wyzwaniem logopedy<\/li><\/ul><\/li><li>2020 rok:<ul><li>Elektro-neuro Mobilizacja Obszaru Twarzowego ENMOT<\/li><li>Wybrane metody terapii logopedycznej pacjenta z rozszczepem wargi i\/ lub podniebienia. Wykorzystanie zabieg\u00f3w elektrostymulacji.<\/li><li>Wybi\u00f3rczo\u015b\u0107 pokarmowa u dzieci z zaburzeniami integracji sensorycznej<\/li><li>Dysfagia neurogenna u doros\u0142ych<\/li><\/ul><\/li><li>2021 rok<ul><li>Nerwy czaszkowe &#8211; jak bada\u0107 i prowadzi\u0107 terapi\u0119<\/li><li>Diagnoza skr\u00f3conych w\u0119dzide\u0142ek jamy ustnej w aspekcie logopedycznym<\/li><\/ul><\/li><li>2022 rok<ul><li>Terapia miofunkcjonalna<\/li><li>Zaburzenia i dysfunkcje staw\u00f3w skroniowo &#8211; \u017cuchwowych, wybrane techniki manualne<\/li><li>Gdy karmienie noworodka staje si\u0119 wyzwaniem<\/li><li>Warsztat Modu\u0142 w\u0119dzide\u0142kowy<\/li><li>Kurs PEDIATRIC FEEDING DISORDERS  w praktyce logopedy &#8211; strategie diagnostyczno &#8211; terapeutyczne<\/li><\/ul><\/li><\/ul>\n","protected":false},"excerpt":{"rendered":"<p>2012 rok: Muzykoterapia Terapia R\u0119ki Dotyk w rozwoju i \u017cyciu dziecka 2014 rok: Terapia sensomotoryczna i korekta dysfunkcji ustno \u2013 twarzowych Warsztat praktycznych umiej\u0119tno\u015bci niezb\u0119dnych do uruchomienia komunikacji werbalnej dziecka z op\u00f3\u017anionym rozwojem mowy Konferencja Naukowa zorganizowana przez Podyplomowe Studia Logopedii i Neurologopedii Uniwersytetu Wroc\u0142awskiego oraz Stowarzyszenie Tw\u00f3rc\u00f3w i Zwolennik\u00f3w Psychostymulacji 2016 rok: Trudne zachowania [&hellip;]<\/p>\n","protected":false},"author":1,"featured_media":0,"parent":0,"menu_order":0,"comment_status":"closed","ping_status":"closed","template":"","meta":{"footnotes":""},"class_list":["post-165","page","type-page","status-publish","hentry"],"_links":{"self":[{"href":"https:\/\/malywielkimowca.pl\/index.php?rest_route=\/wp\/v2\/pages\/165","targetHints":{"allow":["GET"]}}],"collection":[{"href":"https:\/\/malywielkimowca.pl\/index.php?rest_route=\/wp\/v2\/pages"}],"about":[{"href":"https:\/\/malywielkimowca.pl\/index.php?rest_route=\/wp\/v2\/types\/page"}],"author":[{"embeddable":true,"href":"https:\/\/malywielkimowca.pl\/index.php?rest_route=\/wp\/v2\/users\/1"}],"replies":[{"embeddable":true,"href":"https:\/\/malywielkimowca.pl\/index.php?rest_route=%2Fwp%2Fv2%2Fcomments&post=165"}],"version-history":[{"count":6,"href":"https:\/\/malywielkimowca.pl\/index.php?rest_route=\/wp\/v2\/pages\/165\/revisions"}],"predecessor-version":[{"id":249,"href":"https:\/\/malywielkimowca.pl\/index.php?rest_route=\/wp\/v2\/pages\/165\/revisions\/249"}],"wp:attachment":[{"href":"https:\/\/malywielkimowca.pl\/index.php?rest_route=%2Fwp%2Fv2%2Fmedia&parent=165"}],"curies":[{"name":"wp","href":"https:\/\/api.w.org\/{rel}","templated":true}]}}